{"id":29,"date":"2021-02-18T20:15:37","date_gmt":"2021-02-18T19:15:37","guid":{"rendered":"http:\/\/avs-guinee.com\/?page_id=29"},"modified":"2021-03-05T21:40:24","modified_gmt":"2021-03-05T20:40:24","slug":"notre-savoir-faire","status":"publish","type":"page","link":"https:\/\/avs-guinee.com\/?page_id=29","title":{"rendered":"Notre savoir faire"},"content":{"rendered":"\n<div class=\"wp-block-group\"><div class=\"wp-block-group__inner-container\"><ul class=\"wp-block-latest-posts__list is-grid columns-3 wp-block-latest-posts\"><li><a href=\"https:\/\/avs-guinee.com\/?p=19276\">Nouveaut\u00e9: le d\u00e9tecteur FlipX Xwave2 sans fil, une s\u00e9curit\u00e9 encore plus intelligente !<\/a><\/li>\n<li><a href=\"https:\/\/avs-guinee.com\/?p=19274\">AVS vous \u00e9quipe pour pr\u00e9venir les risques professionnels<\/a><\/li>\n<li><a href=\"https:\/\/avs-guinee.com\/?p=19272\">Nos services<\/a><\/li>\n<li><a href=\"https:\/\/avs-guinee.com\/?p=173\">La s\u00e9curit\u00e9 physique<\/a><\/li>\n<li><a href=\"https:\/\/avs-guinee.com\/?p=171\">La d\u00e9tection incendie<\/a><\/li>\n<\/ul><\/div><\/div>\n","protected":false},"excerpt":{"rendered":"","protected":false},"author":1,"featured_media":0,"parent":0,"menu_order":0,"comment_status":"closed","ping_status":"closed","template":"","meta":[],"_links":{"self":[{"href":"https:\/\/avs-guinee.com\/index.php?rest_route=\/wp\/v2\/pages\/29"}],"collection":[{"href":"https:\/\/avs-guinee.com\/index.php?rest_route=\/wp\/v2\/pages"}],"about":[{"href":"https:\/\/avs-guinee.com\/index.php?rest_route=\/wp\/v2\/types\/page"}],"author":[{"embeddable":true,"href":"https:\/\/avs-guinee.com\/index.php?rest_route=\/wp\/v2\/users\/1"}],"replies":[{"embeddable":true,"href":"https:\/\/avs-guinee.com\/index.php?rest_route=%2Fwp%2Fv2%2Fcomments&post=29"}],"version-history":[{"count":3,"href":"https:\/\/avs-guinee.com\/index.php?rest_route=\/wp\/v2\/pages\/29\/revisions"}],"predecessor-version":[{"id":377,"href":"https:\/\/avs-guinee.com\/index.php?rest_route=\/wp\/v2\/pages\/29\/revisions\/377"}],"wp:attachment":[{"href":"https:\/\/avs-guinee.com\/index.php?rest_route=%2Fwp%2Fv2%2Fmedia&parent=29"}],"curies":[{"name":"wp","href":"https:\/\/api.w.org\/{rel}","templated":true}]}}